{"id":724,"date":"2017-09-08T08:30:08","date_gmt":"2017-09-08T08:30:08","guid":{"rendered":"http:\/\/redantvn.com\/?post_type=product&#038;p=724"},"modified":"2017-09-25T10:19:50","modified_gmt":"2017-09-25T10:19:50","slug":"dong-pallet-2-chieu","status":"publish","type":"product","link":"https:\/\/redantvn.com\/?product=dong-pallet-2-chieu","title":{"rendered":"\u0110\u00f3ng Pallet 2 chi\u1ec1u"},"content":{"rendered":"<h3><strong>\u0110\u00f3ng Pallet 2 chi\u1ec1u<\/strong><\/h3>\n<p>Hi\u1ec7n c\u00f4ng ty ch\u00fang t\u00f4i chuy\u00ean cung c\u1ea5p <a href=\"http:\/\/donggoi.vn\/dong-pallet-2-chieu.html\">Pallet 2 chi\u1ec1u<\/a>.\u00a0T\u00f9y thu\u1ed9c v\u00e0o y\u00eau c\u1ea7u c\u1ee7a qu\u00fd kh\u00e1ch hay t\u00f9y v\u00e0o t\u1eebng lo\u1ea1i h\u00e0ng h\u00f3a ch\u00fang t\u00f4i s\u1ebd t\u01b0 v\u1ea5n mi\u1ec5n ph\u00ed cho Qu\u00fd kh\u00e1ch sao cho\u00a0 ti\u1ebft ki\u1ec7m chi ph\u00ed m\u00e0 v\u1eabn \u0111\u1ea3m b\u1ea3o \u0111\u01b0\u1ee3c ch\u1ea5t l\u01b0\u1ee3ng c\u1ee7a h\u00e0ng h\u00f3a trong qu\u00e1 tr\u00ecnh v\u1eadn chuy\u1ec3n.<\/p>\n<p><em>L\u1ee3i \u00edch khi s\u1eed d\u1ee5ng \u0111\u00f3ng pallet g\u1ed7 2 chi\u1ec1u, ki\u1ec7n g\u1ed7<\/em><\/p>\n<p>Ng\u00e0y nay, vi\u1ec7c s\u1eed d\u1ee5ng pallet g\u1ed7 ng\u00e0y c\u00e0ng tr\u1edf n\u00ean ph\u1ed5 bi\u1ebfn v\u00e0 \u0111\u00e3 mang l\u1ea1i r\u1ea5t nhi\u1ec1u l\u1ee3i \u00edch nh\u01b0:<\/p>\n<p>1. H\u00e0ng h\u00f3a c\u00e1ch m\u1eb7t \u0111\u1ea5t n\u00ean ch\u1ed1ng \u1ea9m m\u1ed1c t\u1eeb \u0111\u1ea5t.<br \/>\n2. M\u1ed7i l\u1ea7n di chuy\u1ec3n h\u00e0ng h\u00f3a c\u00f3 th\u1ec3 di chuy\u1ec3n s\u1ed1 l\u01b0\u1ee3ng l\u1edbn (c\u1ea3 pallet)<br \/>\n3. C\u00f3 th\u1ec3 n\u00e2ng c\u1ea3 pallet ch\u1ee9a h\u00e0ng l\u00ean k\u1ec7 ho\u1eb7c n\u00e2ng c\u1ea3 pallet v\u00e0o container m\u1ed9t c\u00e1ch nhanh ch\u00f3ng<br \/>\n4. H\u00e0ng h\u00f3a trong kho s\u1ebd \u0111\u01b0\u1ee3c b\u1ea3o qu\u1ea3n m\u1ed9t c\u00e1ch khoa h\u1ecdc v\u00e0 c\u01a1 gi\u1edbi h\u00f3a.<\/p>\n<p><b>L\u1ee3i \u00edch c\u1ee7a kh\u00e1ch h\u00e0ng<\/b><\/p>\n<p>\u2013\u00a0<i>Th\u1ef1c hi\u1ec7n \u0111\u01a1n h\u00e0ng nhanh ch\u00f3ng, \u0111\u1ea3m b\u1ea3o s\u1ed1 l\u01b0\u1ee3ng v\u00e0 ch\u1ea5t l\u01b0\u1ee3ng.<\/i><\/p>\n<p>\u2013\u00a0<i>T\u1eadn t\u00ecnh v\u00e0 chuy\u00ean nghi\u1ec7p trong t\u01b0 v\u1ea5n kh\u00e1ch h\u00e0ng v\u1ec1 lo\u1ea1i pallet, th\u00f9ng g\u1ed7 qui c\u00e1ch ph\u00f9 h\u1ee3p:\u00a0<\/i>V\u1edbi ph\u01b0\u01a1ng ch\u00e2m \u0111\u1eb7t s\u1ef1 h\u00e0i l\u00f2ng v\u00e0 l\u1ee3i \u00edch kh\u00e1c h\u00e0ng l\u00ean tr\u00ean h\u1ebft, ch\u00fang t\u00f4i cam k\u1ebft kh\u00f4ng v\u00ec l\u1ee3i \u00edch c\u1ee7a c\u00f4ng ty m\u00e0 ch\u00e0o h\u00e0ng lo\u1ea1i pallet gi\u00e1 cao nh\u01b0ng kh\u00f4ng ph\u1ea3i t\u1ed1i \u01b0u cho l\u00f4 h\u00e0ng. H\u01a1n n\u1eefa, v\u1edbi kinh nghi\u1ec7m l\u00e2u n\u0103m trong l\u0129nh v\u1ef1c giao nh\u1eadn, ch\u00fang t\u00f4i hi\u1ec3u r\u1ea5t r\u00f5 y\u00eau c\u1ea7u c\u1ee7a t\u1eebng kh\u00e1ch h\u00e0ng \u1edf c\u00e1c khu v\u1ef1c \u00c1, \u00c2u, M\u1ef9 \u0111\u1ed1i v\u1edbi qui c\u00e1ch \u0111\u00f3ng g\u00f3i c\u0169ng nh\u01b0 hi\u1ec3u m\u1ed9t c\u00e1ch s\u00e2u s\u1eafc c\u00e1c lo\u1ea1i pallet ph\u00f9 h\u1ee3p cho t\u1eebng lo\u1ea1i h\u00e0ng ho\u00e1.<\/p>\n<p>\u2013\u00a0<i>Ti\u1ebft ki\u1ec7m chi ph\u00ed:<\/i>\u00a0C\u00f4ng ty ch\u00fang t\u00f4i tr\u1ef1c ti\u1ebfp s\u1ea3n xu\u1ea5t pallet n\u00ean kh\u00e1ch h\u00e0ng s\u1ebd c\u00f3 c\u01a1 h\u1ed9i c\u00f3 \u0111\u01b0\u1ee3c pallet c\u00f3 qui c\u00e1ch v\u00e0 ch\u1ea5t l\u01b0\u1ee3ng ph\u00f9 h\u1ee3p nh\u1ea5t cho h\u00e0ng ho\u00e1 c\u1ee7a m\u00ecnh. S\u1eed d\u1ee5ng pallet ch\u1ecbu \u0111\u01b0\u1ee3c tr\u1ecdng t\u1ea3i 1 t\u1ea5n cho h\u00e0ng ho\u00e1 500kg s\u1ebd l\u00e0 s\u1ef1 l\u00e3ng ph\u00ed kh\u00f4ng c\u1ea7n thi\u1ebft c\u1ee7a c\u00f4ng ty. H\u01a1n n\u1eefa, do ch\u00fang t\u00f4i s\u1ea3n xu\u1ea5t tr\u1ef1c ti\u1ebfp n\u00ean gi\u00e1 ch\u1eafc ch\u1eafn c\u1ea1nh tranh h\u01a1n so v\u1edbi c\u00e1c c\u00f4ng ty trading pallet.<\/p>\n<p>\u2013 Ngo\u00e0i ra c\u00f4ng ty ch\u00fang t\u00f4i c\u00f3 li\u00ean k\u1ebft v\u1edbi m\u1ed9t s\u1ed1 c\u00f4ng ty kh\u00e1c chuy\u00ean ph\u1ee5c v\u1ee5 kh\u1eed tr\u00f9ng theo ti\u00eau chu\u1ea9n ISPM15 c\u1ee7a c\u1ee5c b\u1ea3o v\u1ec7 th\u1ef1c v\u1eadt qu\u1ed1c t\u00ea, \u0111\u1ea3m b\u1ea3o \u0111\u1ee7 ti\u00eau chu\u1ea9n xu\u1ea5t kh\u1ea9u ra Ch\u00e2u \u00c2u, Ch\u00e2u \u00c1.<\/p>\n<p><strong>C\u00e1c d\u1ecbch v\u1ee5 kh\u00e1c c\u1ee7a c\u00f4ng ty TNHH v\u1eadn chuy\u1ec3n Ki\u1ebfn \u0110\u1ecf<\/strong><\/p>\n<p>1. \u0110\u00f3ng G\u00f3i Pallet Ki\u1ec7n G\u1ed7:\u00a0<a href=\"http:\/\/donggoi.vn\/dich-vu-dong-goi-thung-go.html\">\u0110\u00f3ng th\u00f9ng g\u1ed7<\/a><br \/>\n2. D\u1ecbch v\u1ee5 \u0111\u00f3ng g\u00f3i h\u00e0ng h\u00f3a:\u00a0<a href=\"http:\/\/donggoi.vn\/dong-goi-may-moc-thiet-bi-hang-hoa.html\">\u0110\u00f3ng g\u00f3i h\u00e0ng h\u00f3a<\/a><br \/>\n3. D\u1ecbch v\u1ee5 chuy\u1ec3n nh\u00e0 chuy\u00ean nghi\u1ec7p:<a href=\"http:\/\/kiendovn.net\/chuyen-nha.html\">Chuy\u1ec3n nh\u00e0 gi\u00e1 r\u1ebb<\/a><br \/>\n4. D\u1ecbch v\u1ee5 \u0111\u00f3ng g\u00f3i t\u1ed1t nh\u1ea5t d\u00e0nh cho doanh nghi\u1ec7p:<a href=\"http:\/\/donggoi.vn\/dich-vu-dong-goi\">\u0110\u00f3ng G\u00f3i<\/a><br \/>\n5. V\u1eadn chuy\u1ec3n h\u00e0ng h\u00f3a :\u00a0<a href=\"http:\/\/kiendovn.net\/van-chuyen-3.html\">V\u1eadn chuy\u1ec3n h\u00e0ng h\u00f3a<\/a><br \/>\n6. D\u1ecbch v\u1ee5 chuy\u1ec3n \u00a0v\u0103n ph\u00f2ng :\u00a0<a href=\"http:\/\/kiendovn.net\/chuyen-van-phong.html\">Chuy\u1ec3n v\u0103n ph\u00f2ng<\/a><\/p>\n<p>&#8212;&#8212;&#8212;&#8212;&#8211;<\/p>\n<p><strong>Contact:<\/strong><\/p>\n<p>RED ANT TRANSPORTATION CO., LTD<\/p>\n<p>VP Hanoi: No. 16 Lot 4A Trung Yen 6 Street, Trung Hoa Ward, Cau Giay District, Ha Noi<\/p>\n<p>Ho Chi Minh Office: 858 \/ 20A National Road 1A, Binh Tri Dong A Ward, Binh Tan Dist., HCMC<\/p>\n<p>Hanoi: 024.3576.3567 | Fax: 024.3516.1796<\/p>\n<p>\u00d0TVPHCM: 028.6683.2326 | Fax: 028.3526.2938<\/p>\n<p>&nbsp;<\/p>\n<p>Website: <a href=\"http:\/\/donggoi.vn\">http:\/\/donggoi.vn<\/a> | <a href=\"http:\/\/kiendovn.net\">http:\/\/kiendovn.net<\/a><\/p>\n","protected":false},"excerpt":{"rendered":"<p>\u0110\u00f3ng Pallet 2 chi\u1ec1u Hi\u1ec7n c\u00f4ng ty ch\u00fang t\u00f4i chuy\u00ean cung c\u1ea5p Pallet 2 chi\u1ec1u.\u00a0T\u00f9y thu\u1ed9c v\u00e0o y\u00eau c\u1ea7u c\u1ee7a qu\u00fd kh\u00e1ch hay t\u00f9y v\u00e0o t\u1eebng lo\u1ea1i h\u00e0ng h\u00f3a ch\u00fang t\u00f4i s\u1ebd t\u01b0 v\u1ea5n mi\u1ec5n ph\u00ed cho Qu\u00fd kh\u00e1ch sao cho\u00a0 ti\u1ebft ki\u1ec7m chi ph\u00ed m\u00e0 v\u1eabn \u0111\u1ea3m b\u1ea3o \u0111\u01b0\u1ee3c ch\u1ea5t l\u01b0\u1ee3ng c\u1ee7a h\u00e0ng h\u00f3a [&hellip;]<\/p>\n","protected":false},"featured_media":102,"comment_status":"open","ping_status":"closed","template":"","meta":[],"_links":{"self":[{"href":"https:\/\/redantvn.com\/index.php?rest_route=\/wp\/v2\/product\/724"}],"collection":[{"href":"https:\/\/redantvn.com\/index.php?rest_route=\/wp\/v2\/product"}],"about":[{"href":"https:\/\/redantvn.com\/index.php?rest_route=\/wp\/v2\/types\/product"}],"replies":[{"embeddable":true,"href":"https:\/\/redantvn.com\/index.php?rest_route=%2Fwp%2Fv2%2Fcomments&post=724"}],"wp:featuredmedia":[{"embeddable":true,"href":"https:\/\/redantvn.com\/index.php?rest_route=\/wp\/v2\/media\/102"}],"wp:attachment":[{"href":"https:\/\/redantvn.com\/index.php?rest_route=%2Fwp%2Fv2%2Fmedia&parent=724"}],"curies":[{"name":"wp","href":"https:\/\/api.w.org\/{rel}","templated":true}]}}